 = -2*c + 2*u. Suppose -7*k = -5*k - c. List the prime factors of (2*11)/(k + -5).
11
Let q be (-18)/(-14) - (-8)/(-28). Let d be -1 - ((q - 0) + -3). What are the prime factors of (-39)/(-3) - (3 - d)?
11
Suppose -2*q - 5*i = -9, 4*q + 3*i = i - 6. List the prime factors of ((-1)/(-2))/(q/(-114)).
19
Let n = -3 - -2. Let g be -1*(n - -2)*-18. What are the prime factors of g - 0/(3 - 1)?
2, 3
Let u = -2 - -25. Suppose 161 = 4*g - u. List the prime factors of g.
2, 23
Let k(w) = w + 0*w**2 + 5 + w**3 - 2 - 5*w**2. Let i(h) = h**3 - 6*h**2 + 10*h - 3. Let b be i(4). What are the prime factors of k(b)?
2
Let t(r) be the second derivative of r**4/6 - 3*r**2/2 - 2*r. What are the prime factors of t(-3)?
3, 5
What are the prime factors of (-752)/(-14) - -2*(-4)/(-28)?
2, 3
Let t be -5*1 - 2 - -2. Let f(s) be the first derivative of -s**2/2 - s + 1. What are the prime factors of f(t)?
2
Suppose -5*b - c = -45, -5*c + 8 = 5*b - 57. Suppose 2*x + 0*x = 2, -2*s + b = 4*x. Suppose -13 = -4*h + s*n + 17, h - 5 = -2*n. List the prime factors of h.
7
Let k(i) be the third derivative of i**4/12 - i**3 + 5*i**2. What are the prime factors of k(5)?
2
Suppose -3*c - 5 = -122. What are the prime factors of c?
3, 13
Let k(y) = 4*y - 2. List the prime factors of k(5).
2, 3
Suppose -3*j - j + 4*w + 32 = 0, -5*j + w + 24 = 0. List the prime factors of (-2 + 10)*22/j.
2, 11
Let g(h) = 2*h**3 - 4*h**2 + 4*h - 2. Let b be g(2). Suppose l = b*l + 20. Let m = l + 15. What are the prime factors of m?
11
Suppose 2*i = -2 + 10. Suppose 5*j - 46 = i. List the prime factors of j.
2, 5
Let m be -3 + -3 + 0 + 10. Let u(r) = -r**3 + 6*r**2 - 7*r + 6. Let t be u(m). Suppose -w + t = w - 2*z, 4*w - 26 = -2*z. What are the prime factors of w?
2, 3
Let l be 9 + 2 + -1 + 0. Let m be 44/l - (-4)/(-10). Suppose -5*j + 14 = m. List the prime factors of j.
2
Suppose -2*x + 108 = 3*d, 0*x + 148 = 4*d + 4*x. Suppose 0 = -0*b + b + d. Let t = b - -49. What are the prime factors of t?
3, 5
Let j(q) = 20*q - 16. List the prime factors of j(6).
2, 13
Let r(z) = z**3 - 10*z**2 + 9*z + 8. List the prime factors of r(9).
2
Let l(f) = f**3 + 5*f**2 + 5. Let h be -1*((1 - -2) + 2). Let i be l(h). Let c(b) = b**3 - 4*b**2 - 4*b + 6. List the prime factors of c(i).
11
Let n(u) = -14*u**3 - 3*u - 11. Let x(z) = -5*z**3 - z - 4. Let g(s) = -4*n(s) + 11*x(s). What are the prime factors of g(2)?
2, 5
Suppose 2*l = 2*w - 411 + 1071, 5*w = -15. What are the prime factors of l?
3, 109
What are the prime factors of -2 + (-40)/((-28)/8 - -3)?
2, 3, 13
Suppose -f = -0*p - p + 25, 0 = 4*p + 3*f - 121. List the prime factors of p.
2, 7
Let o be ((-1)/2)/((-5)/(-120)). Let l = 17 + o. Suppose 39 = 4*i - l. What are the prime factors of i?
11
Let g(w) = -9*w**3 - 3*w**2 - 2*w - 1. Let q be g(-2). Suppose 0 = 4*v + u + q - 164, 0 = 3*v - 3*u - 87. What are the prime factors of v?
2, 13
Suppose 2*n + 3*n = 25. Let r(o) = -o**3 - 3*o**2 + 2*o - 6. Let z be r(-5). Suppose -6 - z = -n*a. List the prime factors of a.
2
Suppose 7 = g + 5. What are the prime factors of g?
2
Let g = 8 - 8. Suppose -10 = -0*n - 5*n. Suppose -5*d + 3*d - n*o + 36 = g, 60 = 5*d - o. What are the prime factors of d?
13
Let s(n) = -3*n**3 - 7*n**2 + 8*n + 3. Let u(d) = 4*d**3 + 7*d**2 - 8*d - 2. Let k(x) = 3*s(x) + 2*u(x). List the prime factors of k(-8).
5
Let o(a) = 43*a**3 - 2*a**2 + 5*a. Let q(p) = -22*p**3 + p**2 - 3*p. Let v(d) = 3*o(d) + 5*q(d). What are the prime factors of v(1)?
2, 3
Suppose 3*c - 6*c = -165. List the prime factors of c.
5, 11
Suppose w - 3 = 1. Suppose -b - h + 6 = 0, 3 = w*b - 5*h - 3. Suppose -31 = -5*i + b. List the prime factors of i.
7
Let f be 0 + ((-2)/(-3))/((-3)/9). Let w be (10/(-3))/((-2)/(-15)). List the prime factors of w/(-2) + f/(-4).
13
Let b be (10/15)/(2/3). Let r(h) = 7*h**2 - h + 1. What are the prime factors of r(b)?
7
Let p = -14 + 26. List the prime factors of p.
2, 3
Suppose -2*s + 74 = 2*c, -2*s - 2*c + 66 = 2*c. What are the prime factors of s?
41
Suppose -6*m = 4*m - 750. List the prime factors of m.
3, 5
Let h(w) = w**3 + 6*w**2 + 5*w + 2. Let z be h(-5). Suppose 5*g = z*y + 64 + 17, -79 = -5*g + 3*y. List the prime factors of g.
17
Let g = 11 - 5. Let t = -4 + g. List the prime factors of 2*11*t/4.
11
What are the prime factors of (5/(-4))/((-4)/48)?
3, 5
Let k = 2 - 2. Let h be -2 - -5 - (0 + k). Suppose h*g - 3 = 2*g. List the prime factors of g.
3
Let i(v) = 2*v + 4. Let g be i(-4). What are the prime factors of g + 6 + -6 + 25?
3, 7
Let v = -1 - -10. What are the prime factors of v?
3
Let v be ((-9)/6)/((-3)/(-6)). List the prime factors of 22*v/(-6) + 3.
2, 7
Suppose -4*a + 0*a - 44 = 0. Let q = -1 - a. What are the prime factors of q?
2, 5
Suppose p + 168 = 4*p. List the prime factors of p.
2, 7
List the prime factors of 2/(-1)*(-177)/6.
59
Suppose -275 = -7*u + 2*u. What are the prime factors of u?
5, 11
Suppose 0 = 22*y - 26*y + 188. What are the prime factors of y?
47
Let w(c) = 4*c**2 - c - 1. Let l be w(-1). Let n = 8 - l. List the prime factors of ((-10)/(-15))/(n/78).
13
Let g(j) = 4 - 5 - 8*j + 7*j. Let h(z) = 3*z. Let n(v) = -4*g(v) - h(v). What are the prime factors of n(0)?
2
Let t = -12 - -27. Let g = t - 2. What are the prime factors of g?
13
Suppose -2*l + 4*i = -74, 3*l + 4*i = -i + 89. What are the prime factors of l?
3, 11
Suppose 5*g - 765 = -5*l, -4*l + 65 = -5*g + 794. What are the prime factors of g?
149
Suppose -588 = -5*m - 3*v, -4*m + 441 = -5*v - 59. List the prime factors of m.
2, 3, 5
Suppose -t = 3 - 6. Suppose -3*m + 10 = a, -m = -t*a + 13 + 17. Suppose -2 = -3*q + 4*y, -a + 2 = 2*q - 5*y. List the prime factors of q.
2, 3
Suppose -3*z + 62 + 475 = 2*t, -4*t = 0. What are the prime factors of z?
179
Suppose -4*d + 9*d + 2*x = 166, -5*x + 79 = 2*d. List the prime factors of d.
2
Let s be (9/(-6))/(3/(-10)). Suppose 4*v = s*c - 12, 4*c - 22 = -0*v - 3*v. What are the prime factors of v?
2
Let l = -44 - -11. Let r = -21 - l. What are the prime factors of r?
2, 3
Let t(h) = 4*h - 6. What are the prime factors of t(5)?
2, 7
Let h(a) = -a**2 - 9*a + 5. What are the prime factors of h(-9)?
5
Let a(o) = -o - 6. Let t be a(-8). Let p be 15/((-2)/4*t). Let q = -4 - p. What are the prime factors of q?
11
Let s = -11 + 67. What are the prime factors of s?
2, 7
Suppose r = -r + 62. Let j = -14 + r. Suppose -5*g = -j - 13. What are the prime factors of g?
2, 3
Suppose 3*a - 22 = 2*y, -4*a + 13 = -y - 8. Suppose -2*j = 2*h - 14, -a*j + 12 = -7*h + 3*h. Let t = 11 - h. What are the prime factors of t?
3
Suppose -2*z - 2*v + 0*v = 0, z = 4*v + 5. Let y be (-51)/(-12) - z/4. Suppose 2*j + y = 46. What are the prime factors of j?
3, 7
Let r be (-27)/(-18)*(-4)/3. What are the prime factors of (-12)/(-7)*(r + 9)?
2, 3
Suppose 48 = 5*j - 2*j. List the prime factors of j.
2
Let j(t) = t + 15. Let q = 6 - 6. List the prime factors of j(q).
3, 5
Suppose -2*y + 0*y = -3*l - 6, 0 = y + 2*l + 4. Suppose -n - 4 = 3*n, y = -4*s + n + 53. List the prime factors of s.
13
Let u(m) = -3*m**3 + 3*m + 3. Let n be u(-2). Suppose 0 = -5*f + 2*f + n. What are the prime factors of f?
7
Let u be (-3)/(-6)*2*2. Let w(r) = 3*r + u*r - r - r + r**2. List the prime factors of w(-4).
2
Let m = -149 + 287. List the prime factors of m.
2, 3, 23
Let m(c) = c**3 - c**2 - c - 8. Let a be m(0). List the prime factors of (3 + -1)*(-52)/a.
13
Suppose o - 184 = 5*k - 655, 4*k - 4*o = 380. What are the prime factors of k?
2, 47
Let o(v) = 3*v - 19. Let d be o(8). Suppose 4*c = 3*i - 220, -c - 3 = 2*c. Suppose -3*s = -3*p - i, 3*p - d - 3 = -s. List the prime factors of s.
2, 5
Let c = 2 + 20. What are the prime factors of c?
2, 11
Suppose -482 = -4*q + 2*i, -2*i - i - 487 = -4*q. What are the prime factors of q?
2, 59
Let p = -11 + 21. Let k be 2 - (p*-1)/2. Suppose 0*a + a = k. What are the prime factors of a?
7
Let y be ((-84)/70)/(6/20). List the prime factors of 4/16 - 79/y.
2, 5
Let y(h) = -h - 1. Let o be y(4). Let v = o - -4. What are the prime factors of v/2 - 21/(-2)?
2, 5
Let d(l) = l**3 - 4*l**2 + 2*l - 3. Let y be d(4). Let k = 9 - y. Suppose 2*o + 2*s = 18, 0*s = k*o + 2*s - 28. What are the prime factors of o?
5
Suppose 3*f - 7*f = 32. Let v = 6 - f. What are the prime factors of v?
2, 7
Le